+ q = -629. What is the units digit of m?
9
Suppose 3*p = 3*z + 2*p - 501, -2*z = -5*p - 321. Suppose -l + z = 3*l. What is the tens digit of l?
4
Let i(w) = 2*w**3 - w**2 + 14*w - 13. What is the units digit of i(5)?
2
Let t(w) = 2*w**2 - 11*w - 2. What is the units digit of t(-20)?
8
Let m(j) = j**2 + 20*j + 17. Let l be m(-19). What is the units digit of (1/l)/(20/(-240))?
6
Let w(m) = -20 + 6 + 50*m + 33. What is the tens digit of w(3)?
6
Suppose 24*u - 49128 = -0*u. What is the thousands digit of u?
2
Let j = 801 - 567. Suppose 4*n - j = 754. What is the units digit of n?
7
Let v(d) = d**3 + 2*d**2 - d - 2. Let g(a) = -a - 7. Let z be g(-6). Let w be v(z). Suppose w - 51 = -3*b. What is the units digit of b?
7
Let n(h) = h**3 - 8*h**2 + 10*h + 6. Suppose o + 7 = 3*b - 0*b, 0 = -4*o + 4*b + 12. What is the tens digit of n(o)?
8
Let u be (-3)/(7 - 4)*-17. Suppose -3*w + u + 1 = 0. What is the units digit of w?
6
Suppose -352 - 40 = 4*y. What is the units digit of -4 + (-4 - (-2 + y))?
2
Let r(t) = 7*t + 7 + t**3 - 3*t - 4*t**2 - 3. What is the tens digit of r(4)?
2
Suppose -2*c = 27 + 107. Let m = 50 - c. Let h = m - 58. What is the tens digit of h?
5
Let q(p) = -2*p**2 - 3*p - 3. Let h be q(-4). Let o = -13 - h. What is the tens digit of o?
1
Let o be 4/(-1) + (0 - -1). Suppose -2*z = z + 2376. What is the units digit of o/(-15) + z/(-15)?
3
Let a(b) = -2*b**3 + 11*b**2 - 6*b + 34. What is the hundreds digit of a(-11)?
0
Suppose 2*q - 3*l - 499 = 0, -11*l - 257 = -q - 12*l. What is the units digit of q?
4
Suppose 4*p - 13426 = 2*f, 19*p - 3*f = 21*p - 6733. What is the thousands digit of p?
3
Let g = 1023 + -455. What is the hundreds digit of g?
5
Suppose -10 - 30 = 4*m. Let d = m + 14. Suppose z - 63 = 3*t - 0, 0 = -d*z + 3*t + 252. What is the tens digit of z?
6
Let n(j) = -j**2 - 8*j - 3. Let d be n(-7). Suppose -5*l + d*x + 0*x = -280, 224 = 4*l + 2*x. What is the units digit of l?
6
Let p(j) = -j**3 - 3*j**2 - 2*j + 9. Let l be 3*((-4)/(-12) - 2). What is the tens digit of p(l)?
6
Let t(g) = 29*g + 608. What is the tens digit of t(9)?
6
What is the hundreds digit of (-11270)/(-42) + (-4)/12?
2
Let i = -5391 - -11198. What is the thousands digit of i?
5
Suppose 17 - 62 = -3*q. What is the units digit of (-3)/q - 1380/(-25)?
5
Let l = 24 + -17. Let p = 10 - l. Suppose 0 = 5*a - p*o - 92, -a + 25 = o + 5. What is the units digit of a?
9
Suppose 0 = -5*b + 2*h - 1 - 4, 0 = h + 5. Let s(k) be the third derivative of -7*k**4/8 - 4*k**3/3 + k**2. What is the tens digit of s(b)?
5
Suppose 0 = 2*q - 14 + 6. Suppose 4*o + 87 - 280 = -3*a, 5*o + q*a - 242 = 0. What is the tens digit of o?
4
Suppose 2*y - y - 8 = 0. Let j = -1 - -6. Suppose j*z = 127 + y. What is the units digit of z?
7
Let q be (-2)/(0 - (-6)/(-9)). Suppose 3 = 4*h + i - 1, -q*i = 5*h + 2. Suppose 0 = -h*z + 3*u + 33 + 44, -3*u - 170 = -5*z. What is the units digit of z?
1
Suppose -4*d = 5*c - 1162, -5*d + 2*c = -8*d + 868. What is the hundreds digit of d?
2
Let c(q) = -q**2 - 62*q + 379. What is the units digit of c(-52)?
9
What is the hundreds digit of -8 + 3842/4 + 10/4?
9
Let s = -30 + 80. Let x = s + -10. What is the units digit of x?
0
Suppose -8*i = -9*i + 2. Suppose -4*q - i*j = 3*j - 1349, -1003 = -3*q + 5*j. Suppose 5*m - q = -m. What is the tens digit of m?
5
Suppose 7*p + y = 2*p - 75, -45 = 5*p - 5*y. Let i = -1 + p. Let g = i - -25. What is the units digit of g?
0
Suppose -3*z + 79 = -4*z + u, -3*u = -4*z - 316. Let p = -70 - z. What is the units digit of p?
9
Let k(y) = y**3 + 8*y**2 - 44*y + 4. Let z be k(-11). Suppose -511 = -6*v + z. What is the tens digit of v?
0
Let r = 5457 - 3730. What is the units digit of r?
7
Suppose -10*v + 1000 = -2*v. Let q = 320 - v. What is the hundreds digit of q?
1
Let w be (2/(-4))/((-5)/50). Let s be w*10/((-6)/(-3)). Let u = 47 - s. What is the units digit of u?
2
Suppose 5*c - 29 = 1. Suppose -2*p + c*p = 224. What is the units digit of p?
6
Let h = -513 - -971. What is the tens digit of h?
5
Let h(t) = -87*t - 505. What is the units digit of h(-46)?
7
Let i be ((-4)/5)/((-3)/120). Let a = 66 + i. Suppose -a = -v - v. What is the units digit of v?
9
Suppose 5*t + 2*j - 15 = 3*j, -j + 13 = 2*t. What is the tens digit of (-48)/(-6 + t) + (-2)/1?
2
Let h(d) be the third derivative of -d**5/60 + 23*d**4/24 + 4*d**3 + 21*d**2. What is the units digit of h(15)?
4
Let k be 8 - (1 + 2/2). Let w be (-2 - (k + -1)) + -1. Let b(t) = -t**2 - 11*t - 1. What is the tens digit of b(w)?
2
Let d be (0 - -186)/(9/30 + 0). Suppose 6*n = 10*n - d. What is the tens digit of n?
5
Let s(l) = -9*l - 2. Let n be s(-1). Let j = 18 - n. What is the units digit of j?
1
Let k = -10 - 42. Let u = 129 + k. What is the units digit of u?
7
What is the hundreds digit of (3 - (-7209)/(-3))*(71 - 73)?
8
Let w(n) = -n**3 - 10*n**2 - 2. Let p be w(-8). Let o = p - -227. What is the units digit of o?
7
Let h(c) = 1574*c + 67. What is the thousands digit of h(1)?
1
Let z be (-5)/(-3*2/(-6)). Let i be -6 - z - (-3 - -1). Suppose 0 = -2*a - i + 11, 0 = -3*v - 4*a + 74. What is the tens digit of v?
1
Let a(p) = -p**3 - 11*p**2 + 10*p - 2. Let t be a(-12). Suppose 14 = 3*j - 3*f - t, 2*f = -j + 18. What is the tens digit of j?
1
Let g = 4 - -16. Suppose 0 = -5*i + g, -44 = 3*d + 3*i - 164. What is the tens digit of d?
3
Let a = -36 + 80. Suppose z - a = 59. What is the hundreds digit of z?
1
Let j(q) = 13*q**2 - 31*q**2 + 36 + 19*q**2 + 17*q. What is the units digit of j(-22)?
6
Let f = 1 + 7. What is the tens digit of 4/f*-2 + 75?
7
Suppose 22 = -q + 2*w - 0*w, -79 = 4*q - 5*w. What is the tens digit of (-1480)/q - (-1)/2?
9
Let q = 5700 + -2944. What is the hundreds digit of q?
7
Let c = 169 - 162. Suppose -2*q + c*q = 1490. What is the units digit of q?
8
Suppose -14*l + 11*l + 4563 = 0. Suppose 2*w = -7*w + l. What is the units digit of w?
9
What is the hundreds digit of (-1568)/(-2) + (-13 - -10)?
7
Let t(c) = c**2 + 3*c - 4. Let j be t(-4). Suppose 10 + j = 5*q. Let o(z) = z**3 + z**2 + z + 1. What is the units digit of o(q)?
5
Suppose -4*x + 404 + 49 = -k, 2*x - 222 = -4*k. What is the tens digit of x?
1
Suppose -2*o - 21 = z, -2*z + 17 + 11 = -3*o. Suppose -11 - 31 = 2*n. Let c = o - n. What is the units digit of c?
1
Suppose -3*o + 1741 = i, 0 = -2*o + 3*o - 5*i - 607. What is the hundreds digit of o?
5
Suppose -780 = 4*z - 796. Let b(l) = 106*l - 2. Let m be b(2). Suppose -v - z*v = -m. What is the units digit of v?
2
Let q(g) = g**2 + 11*g - 14. Let l be q(-12). What is the units digit of (-58*(-1)/(-3))/(l/3)?
9
Let g(t) = t**3 + 4*t**2 - 5*t + 5. Let a be g(-5). Suppose a*o = -2*m + 95, -2*m + 5*o = -5 - 80. Suppose -5*b = -m - 130. What is the tens digit of b?
3
Let n(s) = 4*s**2 - 21*s - 91. What is the hundreds digit of n(12)?
2
Suppose 4*k - k + 264 = 0. Let p = k - -126. Suppose 2*o - 2 = 0, -3*n + 2*o = -4*n + p. What is the tens digit of n?
3
Let t(c) = c**2 + 5*c + 2. Let z be t(-3). Let x(m) = -5*m + 2. What is the units digit of x(z)?
2
Let h(r) = 728*r**2 + 13*r + 12. What is the tens digit of h(-1)?
2
What is the tens digit of 3*28/21*114?
5
Suppose 15*x = 16*x - 273. What is the hundreds digit of x?
2
Let k(c) = 26 + 0*c**2 + 3 - c**2 + 1 + 17*c. What is the units digit of k(14)?
2
Let b be -3*(-4)/6 + 8. Suppose 0*p + 5*p + b = 0. What is the tens digit of (-32)/p + -6 + 5?
1
Let b(m) be the first derivative of m**4/6 - 3*m**2/2 + 7*m + 3. Let p(k) be the first derivative of b(k). What is the tens digit of p(-3)?
1
Suppose -x + 1 = 0, 0 = 2*r + 2*r + 5*x + 27. Let m(u) = u**3 + 8*u**2 - 5*u - 6. What is the tens digit of m(r)?
3
Let m be (-903)/(-12) + (-3)/12. Suppose -5*d + m + 12 = 4*r, -4*d + 54 = -2*r. Let n = d - -12. What is the tens digit of n?
2
What is the units digit of (-32)/96 - 1633/(-3)?
4
Suppose 5*r + 0 = 10. Suppose -r*c + 0 = q - 5, 5*q + 25 = 0. Let g(f) = -f**3 + 6*f**2 - 5*f + 3. What is the units digit of g(c)?
3
Let m(g) = 7*g**3 + 10*g**2 - 50*g + 10. What is the tens digit of m(5)?
8
Let j(y) = -2*y + 5*y**2 - 4*y**3 + 16 + 6*y - 17 + 0*y**3 + 3*y**3. Let h be ((-3)/4)/(2/(-8)). What is the units digit of j(h)?
9
Suppose -586 + 5710 = 28*g. What is the tens digit of g?
8
Let p(a) = 63*a + 167. What is the units d